. Let d = 41 - 47. Calculate the remainder when 19 is divided by b(d).
8
What is the remainder when 251 is divided by ((-129)/(-6)*1)/(5/20)?
79
Let d be 1404/(-15) + (-10)/25. Let i be d/4 - (-14)/(-28). Calculate the remainder when 22 is divided by (i/36)/(1/(-9)).
4
Suppose 7*s - 5*s = 0. Suppose d + s*d = -13. Calculate the remainder when 51 is divided by d*(1 + -2 - 0).
12
Let k = -17 - -46. Suppose 53*u + 96 = 65*u. What is the remainder when k is divided by u?
5
Let u(r) = -13*r - 164. Calculate the remainder when 59 is divided by u(-14).
5
Let k(n) = -n**3 - 3*n**2 + 3*n - 5. Suppose -12*z = 42*z - 1188. Calculate the remainder when k(-6) is divided by z.
19
Suppose 0 = f + 20 + 48. Let u = f + 94. What is the remainder when 70 is divided by u?
18
Let a = 279 - 262. What is the remainder when a is divided by 10?
7
Suppose x + 4*s = 2*x + 12, 0 = 4*x - 2*s - 8. Let o = 8 - 3. What is the remainder when (x - 0)*30/5 is divided by o?
4
Let z(o) = o**3 - 2*o**2 - 3*o + 1. Let q be z(3). Suppose r + 42 = 3*u + 4*r, -3*u + 5*r = -74. What is the remainder when (4 + -5)*(-33 - q) is divided by u?
16
Suppose 0*h + 2*h - 16 = 0. Let x(b) = -b**2 + 11*b - 19. Calculate the remainder when 9 is divided by x(h).
4
Suppose -10*f - 410 = -8*f. Let z = f + 426. Calculate the remainder when z is divided by 37.
36
Let a(x) = -5*x**2 + 145*x + 33. What is the remainder when a(29) is divided by 20?
13
Let z = -10 - -10. Let c be 0 + z + (81 - 0). Let s = -45 + c. Calculate the remainder when s is divided by 10.
6
Let s(g) = 8*g - 23. Let r = 7 + -3. Suppose -3*d + 30 = 5*f, -14 = -5*f + r*d + 16. What is the remainder when s(4) is divided by f?
3
Let y = -10 - -35. Suppose y - 5 = 5*i. Let f = 12 + -1. Calculate the remainder when f is divided by i.
3
Suppose 0 = 3*k - 2*k - 167. What is the remainder when k is divided by 19 - 17 - 19 - -38?
20
Let o be ((-45)/20)/(3/32). Let r = o + 34. Suppose 3*k - r - 7 = -2*t, -k - 4*t = 11. Calculate the remainder when 34 is divided by k.
7
What is the remainder when 336/((-48)/8*(-2)/8) is divided by 58?
50
Let t be ((-88)/16)/(1/(-2)). Let u(f) = 6 + t*f + 1 - 10*f - 2. Calculate the remainder when 49 is divided by u(8).
10
Let x(i) = -100*i + 646. Calculate the remainder when 107 is divided by x(6).
15
Suppose 2*i = -i + 4*y + 475, 0 = -3*i + 3*y + 477. Let s = 9 - i. Calculate the remainder when (-2)/(-5) + s/(-20) is divided by 5.
3
Let j be (-26)/(-12) - 5/30. Let v(z) = -9*z**3 + z + 9*z - 10*z**j + 2 + 10*z**3. What is the remainder when v(9) is divided by 2?
1
Suppose 7*s + 592 - 179 = 0. Let h = -43 - s. What is the remainder when 47 is divided by h?
15
Let i(s) = -s**2 - 16. Let w be i(-7). Let h = -36 - w. What is the remainder when h is divided by 11?
7
Let z(r) = -r**2 + r. Let t(u) = 4*u**2 + 18*u - 38. Let v(d) = -t(d) - 6*z(d). What is the remainder when 47 - (0/1)/2 is divided by v(11)?
15
Let t = 198 + -83. Let s = t + -101. What is the remainder when s is divided by 3?
2
Suppose -2*d - 4*d + 16*d = 0. Suppose -9 = -4*z + 3*z. Suppose d = -x + z. Calculate the remainder when 35 is divided by x.
8
Let y(w) = -3*w**2 - 4*w - 3. Let n be y(-2). Let u = -17 + 52. Calculate the remainder when 57 is divided by (-103)/n - (-10)/u.
12
Let t be (-16)/7*(-35)/10. Calculate the remainder when 94 is divided by (114/(-15))/(t/(-20)).
18
Let k be 10/(-20)*(2 + 2). Let l(y) = -y**3 + 2*y + 3. Calculate the remainder when 4/(-1)*(-26)/4 is divided by l(k).
5
Let u = 454 + -292. Calculate the remainder when u is divided by 33.
30
Let k be 2*1*(-33)/22. Calculate the remainder when (-5 + -62)/(7/(-2) - k) is divided by 34.
32
Calculate the remainder when (-3)/((-18)/31)*12/2 is divided by 8.
7
Let h = 5 + -1. Suppose 2*d - h*d = -8. Suppose -d*a - 60 = -4*b, -4*b + a = -39 - 27. Calculate the remainder when 33 is divided by b.
16
Suppose 2*d - 37 = -15. Suppose -7*c = -d*c + 72. What is the remainder when 100 is divided by c?
10
Let h(f) = 32*f - 3. Let d(p) = -54*p - 4196. What is the remainder when h(2) is divided by d(-78)?
13
Suppose 2*m - 7 = -m + 2*q, 0 = 5*q - 5. Calculate the remainder when -2*(12/(-2) - m) is divided by 5.
3
Calculate the remainder when 1058 is divided by ((-675)/(-175))/(3/14).
14
Let m be (0 + -9)*-1*(9 + -3). Let w = 110 - m. What is the remainder when w is divided by 12?
8
Let y(t) = t**2 + 16*t - 258. Calculate the remainder when y(-33) is divided by 51.
48
Suppose 1150 = 73*j - 23*j. Calculate the remainder when 200 is divided by j.
16
Let m = -41 + 43. Calculate the remainder when -1*((-84)/4 - m) is divided by 7.
2
Let w be (-3)/(-9) + 32/(-6). Let u be (-5)/((-15)/(-9)) - w. Let r = 24 + u. Calculate the remainder when 75 is divided by r.
23
Let v(i) = i**3 - 6*i**2 - i - 18. Let d be v(6). Suppose k = -2 + 17. Calculate the remainder when ((-4)/(d/(-81)))/(2/(-4)) is divided by k.
12
Suppose -3*m + 369 = -5*b - 79, 5*b = -5*m + 680. What is the remainder when m is divided by 70?
1
Suppose -3 = -2*m + 5*s, 0 = 2*m - 3*m - 4*s + 21. What is the remainder when m is divided by 1?
0
Suppose 26*u - 291 + 31 = 0. What is the remainder when 168 is divided by u?
8
Let p be 4 - (-3 - (233 + 2)). Suppose 0 = -2*f - s + 97, -5*f + p = -0*f + 2*s. What is the remainder when f is divided by 17?
14
Let p be 2/6 + 3/(-9). Suppose 0 = -5*f - 3*r + 204, -4*r + 15 = r. Calculate the remainder when f is divided by 1 - 4 - (p - 17).
11
Let u(q) = 83*q**2 - 2*q - 2. Let g(a) = -83*a**2 + 3*a + 2. Let n(l) = 4*g(l) + 5*u(l). What is the remainder when n(1) is divided by 17?
15
Suppose -14 = 3*g - 3*x + x, 2*g - 12 = -4*x. What is the remainder when 85 is divided by g/(-13) + 3750/130?
27
Let u be (-20 + 14)/((-3)/2). What is the remainder when -6*u/((-12)/27) is divided by 19?
16
Suppose -21*m + 23*m = 18. What is the remainder when m is divided by 2?
1
Suppose 0 = -8*k + 100 + 132. Calculate the remainder when 78 is divided by k.
20
Let s(n) = -17*n + 6. What is the remainder when 43 is divided by s(-1)?
20
Let i(u) = 2*u**3 - u. Let s(g) = -2*g - 2. Suppose 5*q = 5*c + 1 - 36, -2*c + 23 = -5*q. What is the remainder when i(2) is divided by s(q)?
2
Suppose -3*v - 2*d = -27, 5*v + d - 44 = -2*d. Calculate the remainder when v is divided by 2.
1
Suppose 5*p - 5*q = -305, 4*p + 3*q - 42 = -279. What is the remainder when 80/(-3)*p/16 is divided by 34?
32
Let t(m) = -4*m**2 - 4*m**2 + 11*m**2 - 6*m - 2. Calculate the remainder when t(4) is divided by 8.
6
Let v = 188 - 125. Suppose 3*s - 51 = -3*o, -2*s + 5*o + 30 - 3 = 0. What is the remainder when v is divided by s?
15
Suppose 17*x = 12*x + 15. Suppose 5*n - 33 = -x*h + 24, 2*n - 114 = -5*h. Calculate the remainder when 71 is divided by h.
23
Let k = -13 - -54. Let z = 72 - k. Let r = z - 11. What is the remainder when r is divided by 11?
9
Suppose -4*x = -2*x + 30. Let g = 1 - x. Let i(f) = 3*f**2 - 9*f + 1. Calculate the remainder when i(5) is divided by g.
15
Calculate the remainder when 860 is divided by (266/(-63) - (-10)/45) + 100.
92
Suppose -3*j = -5*j - 20. Let c = j + -29. Let i = -21 - c. Calculate the remainder when 51 is divided by i.
15
Let w(n) = 11*n + 138. What is the remainder when 32 is divided by w(-11)?
15
Let z = -49 + 60. What is the remainder when z is divided by -1 - ((-2)/1 + -2 - 0)?
2
Suppose 5*w + 10 = 6*w. Let h = 14 + w. Calculate the remainder when 70 is divided by h.
22
Let i(h) be the third derivative of -h**5/60 + h**4/4 + h**3/6 - 7*h**2. Let d be 2/(4/(-3))*10/(-3). Calculate the remainder when 16 is divided by i(d).
4
Let x be (4 + -1)/(-1) + 12/2. Suppose t - x*b - 2*b - 96 = 0, 88 = t - 3*b. What is the remainder when t is divided by 20?
16
Suppose 0 = 13*s - 12*s + 6. Let w be s - (3 - 7) - 494. Calculate the remainder when 22 is divided by w/(-64) + (-2)/(-8).
6
Let k = 43 + -10. Let a = 9 + k. Let m = 10 - -5. What is the remainder when a is divided by m?
12
Let x = -256 + 270. Suppose -3*i + 4*z + 68 = i, z - 2 = 0. What is the remainder when i is divided by x?
5
Suppose -24*t + 34 = -22*t. Suppose -6*x + t*x - 352 = 0. What is the remainder when 93 is divided by x?
29
Let d(i) = 82*i - 404. Calculate the remainder when d(6) is divided by 10.
8
Let m(h) = -21*h**3 - 2*h**2 - 7*h - 11. Calculate the remain